-14273 - -29818. Is d prime?
False
Suppose -77 = -16*t + 5*t. Is 4756/t + 3/(-7) a composite number?
True
Let u = -30 + 33. Is (2554/(-1))/(0 + (u - 5)) a prime number?
True
Let u = -1547 - -804. Let m be 2*(1 + -2) - u. Let s = m - 362. Is s composite?
False
Suppose v - 3615 = -4*p, -5*p + 3*p - 14424 = -4*v. Is v a prime number?
True
Suppose -x = 4*a - 8, 2*a + 0*a - 5*x = 4. Suppose -4*r = -a*r - 3314. Is r composite?
False
Suppose -x - 9 = s, -2*x - 2*s = s + 18. Let h(v) = v**3 + 11*v**2 + 18*v + 4. Let j be h(x). Is 3/j + 1414/56 prime?
False
Let t = 93 - 88. Suppose -t*m = -1960 - 445. Is m a composite number?
True
Suppose -5*v - 20 = 5. Let f = v + 10. Suppose -u + 3*c + 11 = 0, -3*c - 63 = f*u - 190. Is u a composite number?
False
Suppose 5*z - s = -2*s - 52, z + 8 = -s. Let u = 0 - z. Let d(g) = 9*g + 12. Is d(u) a prime number?
False
Let w(x) = 432*x**3 - 8*x**2 - 2*x - 7. Is w(3) composite?
False
Let b(u) = 3*u - 19. Let a be b(7). Suppose a*m + 378 = 4*m + 4*g, g - 1 = 0. Is m a composite number?
True
Suppose -1 + 10 = -3*f. Let s be 12/18 - 1804/f. Suppose 5*x - 3*x = s. Is x composite?
True
Is 13285 - (6 - (19 + -7)) prime?
True
Suppose a + 1 = 0, 0*r + a + 13 = 3*r. Suppose -5*q - r*u + 1585 = 0, -4*q - u = -5*q + 308. Suppose z - q = 5*c, z + c = 4*z - 883. Is z composite?
False
Let k(z) be the first derivative of 46*z**3/3 + 3*z**2/2 + 13*z + 30. Is k(-4) prime?
False
Let g be (4/4)/((-6861)/(-2286) + -3). Suppose 6*s = -0*s + g. Is s a prime number?
True
Suppose 2*z + 6 = 0, -12 = -p - 2*z - 1. Suppose 3*h - 4*b + 17 = 2*h, 0 = 4*h + b - p. Suppose -48 = -l - h*w, -4*l + 216 - 13 = w. Is l composite?
True
Suppose 11*i - 9284 = -0*i. Let q = 555 + i. Is q composite?
False
Suppose -5*q + 2*s + 32 = -22, 2*s = -5*q + 66. Suppose q = 2*m + p, -2*m + 23 + 9 = -4*p. Let g(a) = a**3 - 5*a**2 - 6*a + 5. Is g(m) a prime number?
True
Let w(q) = 5*q**3 - 4*q**2 + q + 17. Is w(6) composite?
True
Let g = -41 - -51. Suppose -2*d = 3*d. Suppose g*u - 5*u - 395 = d. Is u a prime number?
True
Suppose -2*d - 38214 = -4*n - 0*d, -2*n = -5*d - 19127. Is n a prime number?
True
Let h(g) = -149*g**2 - 4*g. Let v(s) = s**2 - 1. Let r(m) = -h(m) + v(m). Suppose 2*j + 9 = 15. Is r(j) prime?
True
Suppose 0 = -5*k - 5 + 10. Suppose q + 5*m - 11 + k = 0, 0 = -2*q + 4*m + 6. Suppose 3*r + 0 = 3*f - 33, -q*f - 2*r + 20 = 0. Is f prime?
False
Let p(a) be the third derivative of -a**5/60 - a**4/6 - 3*a**3/2 + 2*a**2. Let j be p(-6). Is ((-22)/(-6))/((-1)/j) composite?
True
Let v be (-13 + 1)*(-552)/(-48). Let a = 304 + v. Is a composite?
True
Let j = 351 - -1586. Is j composite?
True
Let s(h) be the third derivative of 4*h**2 + 1/30*h**5 + 1/2*h**3 - 7/8*h**4 + 0 + 0*h. Is s(16) a composite number?
False
Let s = 35 - 35. Suppose -4*n - 3*q = -s*q - 85, -5*q = -n + 4. Is n composite?
False
Let l be 35422/18 + 6/54. Suppose -l = -2*f + 2*t, -1479 = -f + 3*t - 485. Is f a composite number?
True
Let v(s) = -4410*s - 1487. Is v(-11) a prime number?
False
Let r be (10/15)/((-3)/27). Is -1*(-26652)/(-8)*4/r a composite number?
False
Suppose 6*a - 2*a = 0. Suppose -q + 5 = -a*q. Suppose q*z - 56 = z. Is z a prime number?
False
Suppose -4*h - 2*y = -3*y - 9, h = 5*y + 7. Suppose 3*m + 1161 = 3*a, -2*m + 749 = h*a + m. Is a a composite number?
True
Let z be (22/(-3))/(1/(-3)). Suppose s - z = v - 4*v, 0 = 2*v + 2*s - 20. Suppose -v*q + 1115 = -q. Is q a prime number?
True
Suppose u - 2 = 0, 18*b = 14*b - 4*u + 12204. Is b a prime number?
True
Suppose 2*m = -i + 18 + 13, -2*m + 25 = -i. Is (4/14 + 3888/m)/2 composite?
False
Let t be -4204*(-3 - (-3 - -1)). Let l = t - 1001. Is l prime?
True
Suppose 94399 = d + 2*d + 5*s, 0 = -3*d + 4*s + 94381. Is d a prime number?
False
Let z(j) = 38*j**2 - 5*j + 8. Is z(3) a composite number?
True
Let o(i) = i**3 + 2*i**2 + 7*i - 1. Suppose 0*b - 17 = -3*c - 2*b, 4*c - 2*b - 18 = 0. Is o(c) a prime number?
False
Let w(b) = -2*b + 0 + b - 3 + 134*b**2 - 41*b**2. Is w(4) a composite number?
False
Let l(p) = p + 12. Let d be l(-4). Let x(u) = -10*u + 8. Let h be x(d). Let k = -17 - h. Is k prime?
False
Let d(s) = s**3 + 12*s**2 + 12*s + 19. Suppose w + 4*z = -3*w - 28, 0 = -2*w - 3*z - 15. Is d(w) a prime number?
True
Suppose 2*s = 6*s - 5*l - 28312, s + 4*l - 7057 = 0. Is s prime?
False
Suppose 3*p - 14912 = b, 0 = -p - b + 5*b + 4967. Is p prime?
False
Let p be 15146/(-16) + 12/(-32). Is p*(-4)/10 - 2/(-10) a composite number?
False
Let h = -11 - -11. Suppose h*r - 4 = -r. Suppose -r*s = 0, 3*m + 2*m = s + 595. Is m a prime number?
False
Let b = 85188 - 52787. Is b a composite number?
False
Let n(k) = -192*k**3 - 3*k**2 + 14*k + 32. Is n(-3) a composite number?
False
Let c(m) = 355*m + 3. Let x be c(4). Let k = x - 998. Let f = -280 + k. Is f a composite number?
True
Suppose 5*x - 20 = 0, 0*x - 4654 = -2*m + 3*x. Is m prime?
True
Let g(k) = 13*k - 1 - 5*k - 2 + 12*k**2 - 21*k**2 + 2*k**3. Is g(5) composite?
True
Suppose -w + 2*g + 84 + 690 = 0, 4*w - 2*g = 3084. Suppose -3*j - o = -2*o - w, -5*j - 3*o + 1288 = 0. Is j a composite number?
False
Let h(q) = 3*q**2 + 8 - 10*q**2 - 7*q**3 - 21*q + 4*q**3 + 14*q. Is h(-6) a prime number?
False
Let n(p) = -p**2 + 45*p + 57. Let r(m) = -3*m**2 + 133*m + 172. Let w(d) = 7*n(d) - 2*r(d). Is w(33) a composite number?
True
Let c(u) = -2*u. Let n be c(-5). Let y(l) = -l**2 + 9*l + 10. Let g be y(n). Suppose g = -3*v + 4*v + 2*a - 83, -2*v = 2*a - 160. Is v a prime number?
False
Suppose 5*l = -0 + 20. Suppose l*m + 0*m - 8 = 0. Suppose -54 = -m*n + 44. Is n a composite number?
True
Suppose -29003 - 19701 = -8*o. Is (-1)/(-2*4/o) composite?
False
Let a = -34561 + 69072. Is a a composite number?
False
Suppose 4*z - 3388 = 1636. Suppose -z = 2*g - 6*g. Is g a composite number?
True
Let a be (2 + -4)/(-4)*6500. Let b = -729 + a. Is b prime?
True
Let z = -15546 - -23345. Is z composite?
True
Suppose 3*b = 4*p + 51, -4*b - 32 = -p + 4*p. Let z(y) = -15*y - 7. Let i be z(p). Let u = 476 - i. Is u a prime number?
False
Let k = -567 - -1420. Suppose k + 665 = 6*g. Is g a prime number?
False
Let w(m) = m**2 - 10*m + 11. Let l be w(9). Suppose 4 = l*d - d. Is -43*1/(d/(-12)) composite?
True
Let j(l) = -899*l**2 + 4*l - 1. Let c(g) = 1. Let b(q) = -3*c(q) + j(q). Let d be b(-3). Is d/(-9) + (-6)/(-27) a composite number?
True
Let y(q) = -q - 9. Let t be y(-8). Is 10096/16 + (t - -1) prime?
True
Suppose 3*f + 0*f - 4035 = 3*s, f + 3*s - 1345 = 0. Is f a prime number?
False
Suppose -4*b = -37649 + 1917. Is b a composite number?
False
Let o be 89*3/(-3*3/(-9)). Suppose -18*b + 15*b + o = 0. Is b composite?
False
Let o(k) be the first derivative of -k**4/4 - k**2 + 37*k + 4. Let y = 16 - 16. Is o(y) prime?
True
Is (526/8)/(1 + 22/(-24)) a composite number?
True
Let b be 8/(-36) + (-58)/(-18). Suppose q - 4*o = 223, -b*q - 6*o = -3*o - 669. Let z = -132 + q. Is z composite?
True
Let v be 18/12 + 1/(-2). Suppose x - 2*t = 7, -3*x = -3*t - v - 11. Is (x - 0) + (143 - -1) a composite number?
True
Suppose -2*u = -3*z + 1312, -z + 1748 = 3*z - 2*u. Suppose -2*m = -2*j + 178, 2*m + z = 5*j - 0*m. Suppose 0 = -4*l + j + 62. Is l a composite number?
False
Suppose 4*s = 4828 + 4200. Is s prime?
False
Let o(f) = f**3 - 7*f**2 - f + 15. Suppose 15 = 3*g - m - 2*m, 0 = 2*g - 5*m - 1. Is o(g) a composite number?
False
Let u be (-2)/3 + 3*51/27. Suppose -u*a + 851 = -744. Is a a composite number?
True
Suppose -3*l + 5924 = -v, 3*l + 4*v - 4374 = 1555. Suppose 2*c + 417 - 34 = n, 5*n + 2*c = l. Is n a prime number?
False
Let c(x) = -5*x - 8. Let d be c(-2). Suppose 0*t = -d*t + 6818. Is t composite?
True
Let j(k) = -14 + 3*k - 1 + 5. Let g(o) = -o**3 + 6*o**2 - 5*o - 4. Let z be g(4). Is j(z) composite?
True
Let h = 6211 - 3690. Is h prime?
True
Let r = 12122 + -8575. Is r a composite number?
False
Suppose 3*a - 4*v = 8, a = -2*v - 7 + 3. Suppose a = -3*t + 107 + 286. Is t prime?
True
Suppose 11*p = -283829 + 744586. Is p prime?
True
Is (-5 + 9*8444/6)*1 a prime number?
False
Suppose -158*r - 10007 = -159*r. Is r a composite number?
False
Let a = -5685 + 9278. Is a a prime number?
True
Suppose 60 = 2*z - 68. Suppose -2*k + 51 = -5*k. Let h = k + z. Is h a prime number?
True
Let j(l) = -13632*l - 113. Is j(-4) a composite nu